{"id":501,"date":"2021-09-21T09:46:29","date_gmt":"2021-09-21T12:46:29","guid":{"rendered":"http:\/\/abrattec.com.br\/portal\/?page_id=501"},"modified":"2024-03-01T16:18:12","modified_gmt":"2024-03-01T19:18:12","slug":"videoaulas","status":"publish","type":"page","link":"http:\/\/abrattec.com.br\/portal\/videoaulas\/","title":{"rendered":"Videoaulas"},"content":{"rendered":"<p>Videoaulas exclusivas gravadas ABRATTEC PLAY | VIVIANE RIBEIRO Eletroterapia, Fototerapia&hellip;<\/p>\n<p>Voc\u00ea precisa estar logado para ver este conte\u00fado.<\/p>\n","protected":false},"excerpt":{"rendered":"<p>Videoaulas exclusivas Confira os outros conte\u00fados Livros Artigos Voc\u00ea precisa estar logado para ver este conte\u00fado.<\/p>\n","protected":false},"author":1,"featured_media":0,"parent":0,"menu_order":0,"comment_status":"closed","ping_status":"closed","template":"elementor_header_footer","meta":{"footnotes":""},"class_list":["post-501","page","type-page","status-publish","hentry"],"_links":{"self":[{"href":"http:\/\/abrattec.com.br\/portal\/wp-json\/wp\/v2\/pages\/501","targetHints":{"allow":["GET"]}}],"collection":[{"href":"http:\/\/abrattec.com.br\/portal\/wp-json\/wp\/v2\/pages"}],"about":[{"href":"http:\/\/abrattec.com.br\/portal\/wp-json\/wp\/v2\/types\/page"}],"author":[{"embeddable":true,"href":"http:\/\/abrattec.com.br\/portal\/wp-json\/wp\/v2\/users\/1"}],"replies":[{"embeddable":true,"href":"http:\/\/abrattec.com.br\/portal\/wp-json\/wp\/v2\/comments?post=501"}],"version-history":[{"count":16,"href":"http:\/\/abrattec.com.br\/portal\/wp-json\/wp\/v2\/pages\/501\/revisions"}],"predecessor-version":[{"id":539,"href":"http:\/\/abrattec.com.br\/portal\/wp-json\/wp\/v2\/pages\/501\/revisions\/539"}],"wp:attachment":[{"href":"http:\/\/abrattec.com.br\/portal\/wp-json\/wp\/v2\/media?parent=501"}],"curies":[{"name":"wp","href":"https:\/\/api.w.org\/{rel}","templated":true}]}}